{"id":226,"date":"2011-01-20T19:46:02","date_gmt":"2011-01-20T19:46:02","guid":{"rendered":"http:\/\/Koorosh-Armi.de\/?page_id=226"},"modified":"2023-10-15T08:03:09","modified_gmt":"2023-10-15T08:03:09","slug":"meine-kandidatur","status":"publish","type":"page","link":"https:\/\/olaf-steinbiss.de\/?page_id=226","title":{"rendered":"Meine Arbeit"},"content":{"rendered":"<p><strong>Alle Aussch\u00fcsse der Hamburgischen B\u00fcrgeschaft<\/strong><\/p>\n<p><a href=\"https:\/\/www.hamburgische-buergerschaft.de\/fachausschuesse\/\">Hier finden Sie eine Liste der Fachaussch\u00fcsse<\/a><\/p>\n<p><b>Verfassungs- und Bezirksausschuss<\/b><br \/>\nAuch im Verfassungs- und Bezirksausschuss bin ich Mitglied.<br \/>\n<a href=\"http:\/\/olaf-steinbiss.de\/?page_id=429\">Hier finden Sie alle Informationen zu dem Ausschuss.<\/a><\/p>\n<p><b>Eingabenausschuss<\/b><br \/>\nBeschwerden und Bitten k\u00f6nnen von jedem B\u00fcrger an die<br \/>\nB\u00fcrgerschaft gestellt werden. Bearbeitet werden sie<br \/>\nvom Eingabenausschuss.<br \/>\n<a href=\"http:\/\/olaf-steinbiss.de\/?page_id=427\">Hier finden Sie alle Informationen zu dem Ausschuss.<\/a><\/p>\n<p><b>Ausschuss f\u00fcr Justiz und Verbraucherschutz<\/b><br \/>\nDer Ausschuss umfasst eine Menge unterschiedlicher Aufgaben.<br \/>\n<a href=\"http:\/\/olaf-steinbiss.de\/?page_id=1281\">Hier finden Sie alle Informationen zu dem Ausschuss.<\/a><\/p>\n<p><b>Europaausschuss<\/b><br \/>\nDer Europaausschuss ist der Fachausschuss, der sich mit allen<br \/>\ninternationalen und europ\u00e4ischen Fragen auseinandersetzt.<br \/>\n<a href=\"http:\/\/olaf-steinbiss.de\/?page_id=1281\">Hier finden Sie alle Informationen zu dem Ausschuss.<\/a><\/p>\n<p><b>Kontrollgremium nach dem Gesetz zur Umsetzung von Art. 13 VI GG<\/b><\/p>\n<blockquote><p><a href=\"http:\/\/olaf-steinbiss.de\/?page_id=1281\">Hier finden Sie alle Informationen zu dem Ausschuss.<\/a><\/p><\/blockquote>\n<p><strong>Gl\u00e4serner Abgeordneter \u2013 Di\u00e4ten<\/strong><\/p>\n<p><a href=\"http:\/\/olaf-steinbiss.de\/?page_id=585\">&gt;&gt; Hier klicken!<\/a><\/p>\n<p><!--\n[one_half]\n[frame style=\"modern\" image_path=\"http:\/\/olaf-steinbiss.de\/wp-content\/uploads\/2020\/02\/hhb\u00fcrgerschaft-1.png\" link_to_page=\"?page_id=1343\" target=\"\" description=\"Sportausschuss\" size=\"two_col_small\"]\n<b>Sportausschuss<\/b>\nIm Sportausschuss setze ich mich f\u00fcr die F\u00f6rderung des Breiten- und Spitzensports in Hamburg ein.\n<a href=\"http:\/\/olaf-steinbiss.de\/?page_id=1343\">&gt;&gt; Hier klicken!<\/a>\n[\/one_half]\n\n[one_half_last]\n[frame style=\"modern\" image_path=\"http:\/\/olaf-steinbiss.de\/wp-content\/uploads\/2020\/02\/hhb\u00fcrgerschaft-1.png\" link_to_page=\"?page_id=1339\" target=\"\" description=\"Kommission nach Art. 10 GG\" size=\"two_col_small\"]\n<b>Kommission nach Art. 10 GG<\/b>\nIn diesem Fachausschuss besch\u00e4ftigen wir uns mit der  Durchf\u00fchrung des Gesetzes zur Beschr\u00e4nkung des Brief-, Post- und Fernmeldegeheimnisses.\n<a href=\"http:\/\/olaf-steinbiss.de\/?page_id=1339\">&gt;&gt; Hier klicken!<\/a>\n[\/one_half_last]\n\n[one_half]\n[frame style=\"modern\" image_path=\"http:\/\/olaf-steinbiss.de\/wp-content\/uploads\/2020\/02\/hhb\u00fcrgerschaft-1.png\" link_to_page=\"?page_id=1345\" target=\"\" description=\"Unterausschuss \u201eSt\u00e4rkung der Hamburger B\u00fcrgerschaft\u201c\" size=\"two_col_small\"]\n<b>Unterausschuss \u201eSt\u00e4rkung der Hamburger B\u00fcrgerschaft\u201c<\/b>\nUnterausschuss des Verfassungs- und Bezirksausschusses\n<a href=\"http:\/\/olaf-steinbiss.de\/?page_id=1345\">&gt;&gt; Hier klicken!<\/a>\n[\/one_half]\n\n--><\/p>\n","protected":false},"excerpt":{"rendered":"<p>Alle Aussch\u00fcsse der Hamburgischen B\u00fcrgeschaft Hier finden Sie eine Liste der Fachaussch\u00fcsse Verfassungs- und Bezirksausschuss Auch im Verfassungs- und Bezirksausschuss bin ich Mitglied. Hier finden Sie alle Informationen zu dem Ausschuss. Eingabenausschuss Beschwerden und Bitten k\u00f6nnen von jedem B\u00fcrger an die B\u00fcrgerschaft gestellt werden. Bearbeitet werden sie vom Eingabenausschuss. Hier finden Sie alle Informationen zu [&hellip;]<\/p>\n","protected":false},"author":1,"featured_media":0,"parent":0,"menu_order":0,"comment_status":"closed","ping_status":"closed","template":"","meta":{"footnotes":""},"class_list":["post-226","page","type-page","status-publish","hentry"],"_links":{"self":[{"href":"https:\/\/olaf-steinbiss.de\/index.php?rest_route=\/wp\/v2\/pages\/226","targetHints":{"allow":["GET"]}}],"collection":[{"href":"https:\/\/olaf-steinbiss.de\/index.php?rest_route=\/wp\/v2\/pages"}],"about":[{"href":"https:\/\/olaf-steinbiss.de\/index.php?rest_route=\/wp\/v2\/types\/page"}],"author":[{"embeddable":true,"href":"https:\/\/olaf-steinbiss.de\/index.php?rest_route=\/wp\/v2\/users\/1"}],"replies":[{"embeddable":true,"href":"https:\/\/olaf-steinbiss.de\/index.php?rest_route=%2Fwp%2Fv2%2Fcomments&post=226"}],"version-history":[{"count":0,"href":"https:\/\/olaf-steinbiss.de\/index.php?rest_route=\/wp\/v2\/pages\/226\/revisions"}],"wp:attachment":[{"href":"https:\/\/olaf-steinbiss.de\/index.php?rest_route=%2Fwp%2Fv2%2Fmedia&parent=226"}],"curies":[{"name":"wp","href":"https:\/\/api.w.org\/{rel}","templated":true}]}}